se 6?
230132
1343 (base 6) to base 8
537
b09 (base 13) to base 12
10b8
Convert 7389 (base 11) to base 4.
2120301
3205 (base 7) to base 12
7a4
32313 (base 5) to base 12
1340
What is 41a2 (base 12) in base 4?
1300022
-805 (base 14) to base 10
-1573
3202 (base 14) to base 3
102211111
-12c3 (base 14) to base 10
-3307
11001000100110 (base 2) to base 9
18544
-b438 (base 16) to base 15
-da0b
What is 11111111000 (base 2) in base 12?
1220
What is e21 (base 16) in base 13?
1853
What is -144336 (base 7) in base 3?
-1102100110
Convert 3411 (base 9) to base 6.
15401
Convert -12986 (base 10) to base 12.
-7622
Convert 606 (base 14) to base 6.
5250
What is -2614 (base 12) in base 9?
-5847
What is 6035 (base 8) in base 5?
44401
Convert -328 (base 9) to base 5.
-2034
69a7 (base 16) to base 10
27047
Convert 2010221 (base 3) to base 11.
11a2
Convert 11459 (base 10) to base 9.
16642
Convert -138 (base 9) to base 8.
-164
5290 (base 11) to base 10
6996
Convert 538 (base 10) to base 3.
201221
Convert -10000220 (base 3) to base 5.
-32321
211312 (base 4) to base 7
10030
What is 320130 (base 5) in base 9?
15560
Convert -222011 (base 4) to base 8.
-5205
What is -2202310 (base 4) in base 9?
-15257
What is -54365 (base 9) in base 13?
-13520
Convert 9de (base 15) to base 2.
100010111010
What is 94 (base 14) in base 9?
154
Convert 111101000010011 (base 2) to base 11.
21530
What is -273 (base 13) in base 9?
-530
What is -5225 (base 9) in base 10?
-3830
What is -5b43 (base 13) in base 9?
-18622
Convert aac8 (base 16) to base 2.
1010101011001000
2e81 (base 16) to base 6
131041
Convert -100133 (base 4) to base 16.
-41f
53284 (base 10) to base 11
37040
Convert -10000100110 (base 2) to base 13.
-639
-77b (base 13) to base 12
-8b1
322111 (base 4) to base 2
111010010101
What is 1247 (base 9) in base 12?
65a
-a0 (base 16) to base 12
-114
What is 10615 (base 9) in base 2?
1101110010101
What is -111620 (base 7) in base 15?
-5d3e
Convert 30004 (base 6) to base 2.
111100110100
111101111101 (base 2) to base 7
14363
Convert 14a (base 11) to base 8.
257
Convert 531 (base 6) to base 16.
c7
-1898 (base 11) to base 10
-2406
What is b81 (base 14) in base 10?
2269
7652 (base 8) to base 4
332222
Convert -530 (base 8) to base 12.
-248
Convert a60 (base 15) to base 5.
33330
1101010100101010 (base 2) to base 13
1bab9
Convert -1116 (base 9) to base 13.
-4b6
What is -1392 (base 11) in base 10?
-1795
4669 (base 11) to base 7
23600
What is 2069 (base 12) in base 7?
13212
What is a6ab (base 14) in base 10?
28767
14341 (base 6) to base 15
a2d
-330 (base 13) to base 12
-396
What is 11231 (base 8) in base 14?
1a41
Convert -68a8 (base 15) to base 12.
-10a28
Convert 5054 (base 6) to base 16.
45a
What is -1330133 (base 4) in base 9?
-11832
Convert -36c (base 14) to base 5.
-10214
14968 (base 10) to base 14
5652
What is 5620 (base 8) in base 2?
101110010000
1424143 (base 6) to base 15
19139
-331 (base 8) to base 14
-117
What is -1251 (base 10) in base 4?
-103203
-14530 (base 7) to base 8
-7707
What is 310 (base 13) in base 3?
201021
What is -b60 (base 14) in base 7?
-6350
-16142 (base 10) to base 11
-11145
1123134 (base 6) to base 16
e182
Convert 2024 (base 6) to base 7.
1210
Convert -1362 (base 12) to base 5.
-32414
What is -87 (base 16) in base 10?
-135
970 (base 12) to base 11
1045
21441 (base 5) to base 6
10532
What is 11010111101111 (base 2) in base 9?
20841
Convert -563 (base 10) to base 6.
-2335
Convert 1115 (base 10) to base 14.
599
-24037 (base 12) to base 8
-136453
-11092 (base 12) to base 8
-54056
-3313002 (base 4) to base 9
-23616
Convert -2488 (base 11) to base 10.
-3242
Convert 220 (base 15) to base 9.
583
c0 (base 16) to base 15
cc
93c8 (base 13) to base 9
31035
What is 918 (base 12) in base 2?
10100100100
-5 (base 6) to base 16
-5
Convert -537 (base 8) to base 5.
-2401
Convert -669 (base 10) to base 5.
-10134
-784 (base 14) to base 6
-10520
-7351 (base 11) to base 14
-3796
Convert 3e8 (base 16) to base 7.
2626
702 (base 10) to base 3
222000
-357c (base 15) to base 16
-2c67
120201 (base 3) to base 2
110101000
What is 495 (base 11) in base 8?
1114
What is 15353 (base 9) in base 6?
120333
-360 (base 7) to base 9
-230
What is 1400304 (base 5) in base 8?
67054
-14983 (base 10) to base 3
-202112221
Convert -7750 (base 9) to base 8.
-13123
What is 895 (base 12) in base 14?
665
What is 10010210 (base 3) in base 12?
13a9
What is -123613 (base 7) in base 9?
-34421
Convert -2379 (base 14) to base 13.
-2a78
Convert 812a (base 14) to base 16.
56aa
What is 8644 (base 9) in base 7?
24352
What is 52544 (base 6) in base 7?
26521
What is 110111000000 (base 2) in base 6?
24144
-10441 (base 6) to base 8
-2671
Convert 11574 (base 13) to base 12.
16416
Convert 1456 (base 8) to base 16.
32e
71b6 (base 15) to base 3
1012221200
Convert -2030303 (base 4) to base 10.
-9011
344312 (base 5) to base 3
122002101
-675 (base 8) to base 6
-2021
Convert -304402 (base 7) to base 12.
-26107
What is 4113133 (base 5) in base 10?
66668
Convert 57 (base 8) to base 5.
142
What is -840 (base 11) in base 12?
-704
Convert 9620 (base 12) to base 3.
211112220
What is -14310 (base 13) in base 14?
-db2d
What is 155170 (base 8) in base 13?
1c5c2
16156 (base 8) to base 10
7278
199 (base 16) to base 12
2a1
What is 2259 (base 14) in base 8?
13507
465 (base 10) to base 9
566
What is 124712 (base 8) in base 16?
a9ca
2122120 (base 3) to base 7
5430
1aa (base 11) to base 16
f1
What is -1311 (base 6) in base 11?
-281
Convert 54366 (base 8) to base 11.
16124
1100000100000 (base 2) to base 8
14040
Convert 2a62 (base 15) to base 11.
6916
What is -20243 (base 5) in base 4?
-110223
648 (base 13) to base 5
13244
Convert 3354 (base 13) to base 7.
26616
-4000232 (base 5) to base 8
-172147
101101100 (base 3) to base 10
7569
What is 10001011011 (base 2) in base 10?
1115
Convert 2151 (base 7) to base 12.
543
What is 250 (base 13) in base 9?
487
-8444 (base 9) to base 16
-1834
10fc (base 16) to base 14
1828
What is 101000110010 (base 2) in base 13?
125a
Convert -2748 (base 14) to base 6.
-52020
What is -29a (base 13) in base 14?
-253
-645 (base 15) to base 10
-1415
What is -169 (base 10) in base 12?
-121
Convert 391 (base 13) to base 16.
271
Convert 100011111101111 (base 2) to base 10.
18415
Convert -626 (base 7) to base 3.
-102122
Convert 1730 (base 8) to base 15.
459
Convert 123 (base 9) to base 6.
250
Convert 1001111100 (base 2) to base 11.
529
What is 147 (base 8) in base 15?
6d
11826 (base 9) to base 2
1111100011010
Convert -112000201 (base 3) to base 5.
-311400
20203113 (base 4) to base 7
204063
-110001010101 (base 2) to base 9
-4287
12362 (base 10) to base 3
121221212
Convert 4446 (base 9) to base 5.
101112
What is -2cc0 (base 15) in base 7?
-40035
Convert -342444 (base 6) to base 13.
-10339
What is -4254 (base 15) in base 5?
-422104
Convert 111111111 (base 2) to base 7.
1330
What is 5421 (base 13) in base 12?
6920
-112001221 (base 3) to base 11
-7786
-11411 (base 7) to base 4
-232010
Convert -34213 (base 9) to base 2.
-101100011110101
What is 2803 (base 10) in base 12?
1757
Convert -225 (base 7) to base 10.
-117
-10202212 (base 3) to base 8
-5276
-11101201 (base 3) to base 7
-12226
11058 (base 12) to base 7
122456
Convert 1020423 (base 5) to base 15.
5078
What is -41476 (base 10) in base 2?
-1010001000000100
Convert 5618 (base 10) to base 14.
2094
5341 (base 7) to base 6
12431
1e6f (base 16) to base 11
5943
-414 (base 6) to base 11
-130
Convert 138 (base 16) to base 11.
264
Convert 11100121 (base 3) to base 4.
301213
What is 110001111011 (base 2) in base 10?
3195
What is -20331 (base 9) in base 7?
-54022
What is 1001011 (base 2) in base 8?
113
What is -221003 (base 4) in base 14?
-d59
-4c5c (base 15) to base 2
-11111110011111
What is 11333 (base 4) in base 12?
27b
-40303 (base 7) to base 14
-37aa
10110111 (base 2) to base 5
1213
Convert -1403 (base 9) to base 5.
-13211
Convert -6313 (base 12) to base 15.
-3310
-206414 (base 7) to base 4
-20300213
What is -66530 (base 7) in base 5?
-1013410
What is 20021321 (base 4) in base 6?
414345
What is 3253 (base 7) in base 5?
14130
-14365 (base 7) to base 8
-7577
Convert -25a (base 12) to base 13.
-217
What is -3036 (base 9) in base 4?
-202230
Convert -8725 (base 13) to base 8.
-44546
-21112 (base 4) to base 7
-